 p(6). Let q(o) = o**2 + 3*o. Let m be q(z). Give v(m).
6
Let q(j) = -j - 9. Let x be q(-7). Suppose -5*n + 28 = -i, 3*n + 0*n - 27 = 4*i. Let p(o) = n*o**3 - 3*o**3 - 2*o + 0*o + o**2. Determine p(x).
-8
Let u(q) be the first derivative of -5/2*q**2 + 5/3*q**3 - 1/4*q**4 + 0*q + 2. What is u(4)?
-4
Suppose -2*w = -3*g + g - 16, g = 5*w - 16. Let k(d) = d**3 + 6*d**2 - 8. Give k(g).
-8
Let c(p) = -p + 10. Let f be c(16). Let y(n) = n**3 + 6*n**2 - n + 1. Determine y(f).
7
Let h be (-2)/4 + (15/6 - 2). Let w(l) = -2*l - 7. Let j be w(-6). Let i = h - j. Let b(s) = s**3 + 5*s**2 + 2*s + 2. What is b(i)?
-8
Let t(n) = -n - 3. Let x(a) = a**2 - 6*a + 11. Let v be x(5). Give t(v).
-9
Let g(i) = 0 + 1 - i + 3*i. Suppose 6*w + 12 - 6 = 0. Calculate g(w).
-1
Let f(v) = v**3 + 5*v**2 + 2*v - 4. Let y = 15 - 13. Suppose 2*m = -5*a - m - 23, -3*a + y*m - 10 = 0. What is f(a)?
4
Let y(j) = 2*j**3 + 3*j**2 - j - 7. Let v(t) = -5*t**3 - 8*t**2 + 3*t + 20. Let z(a) = -3*v(a) - 8*y(a). Let o be -2 + (-1)/((-2)/4). What is z(o)?
-4
Let b(x) = -x**3 + 4*x**2 + 2*x - 1. Let h(w) = -3*w**3 - 4*w**2 - w + 2. Let d be h(-2). Suppose g = -2*g + d. Give b(g).
7
Suppose -2*d - 5 = -3*p - 0, 4*d - 5*p + 13 = 0. Let z(y) = y**2 + 3*y + 4. What is z(d)?
32
Let w = 52 + -55. Suppose -z - 3 = 4*m - 2*m, -m + 3 = -z. Let h(k) = k + k - k + m. Calculate h(w).
-3
Let t = 12 + -13. Let n(k) = 9*k**3 + 2*k**2 - 1. What is n(t)?
-8
Suppose 4*l = -31 + 7. Let v(i) = -i**2 + 9*i + 7. Let n(q) = q**2 - 6*q - 7. Let g(t) = -5*n(t) - 4*v(t). Determine g(l).
7
Let a(v) = 18 - 33 + 14 - 7*v - v**2. Give a(-6).
5
Let i(j) = j**3 + 3*j**2 - 3*j - 2. Suppose 0*y + 10 = -y + 4*z, -8 = -y - 2*z. Suppose -y*f = -4*n + 6*n + 16, -2*f + 4*n + 2 = 0. Let p = -8 - f. Give i(p).
7
Suppose -8 = -0*v - 4*v. Suppose 0 = 5*g - v*g + 3. Let f(b) = -b**2. What is f(g)?
-1
Let w = 12 + 4. Let y = w + -11. Let u(k) = -3 + 0 + 0 + 4 + k. Determine u(y).
6
Let w(p) = 4*p**2 - p. Let f be (-54)/30 - 1/5. What is w(f)?
18
Suppose 3*w - 3*f = 3, 0 = 2*w + 2*w - 5*f - 9. Let v(o) = o**2 + 5*o + 6. Give v(w).
2
Let v(a) = -5*a - a + 16*a - 2*a - 1. Suppose -3*s + 8 = 5*p, -5*s = -6*p + 2*p - 1. What is v(s)?
7
Let o be (-1)/(3 + -2) - 11. Let f(a) = a**2 + 13*a + 15. Let d be f(o). Suppose d*m + 4 = m. Let l(y) = y**2 + 3*y. Give l(m).
-2
Let u(b) be the third derivative of -b**8/6720 + b**7/2520 + b**5/60 + b**4/8 - 3*b**2. Let w(n) be the second derivative of u(n). What is w(0)?
2
Let j be 29/4 + (-3)/12. Let t = -8 + j. Let u(h) = -2*h**3 - h. Let c be u(t). Let z(b) = b**2 - 2*b + 4. What is z(c)?
7
Let s(i) = -i**2 + 5*i - 2. Let g be s(3). Suppose -n + 18 = -g*n. Let p(q) = q**3 + 7*q**2 + 5*q - 2. What is p(n)?
4
Let c(v) = -v**2 + 2*v + 2. Let g(d) = -d**3 - 7*d**2 + 2. Let w be g(-7). Suppose -w*m = m. Suppose -5*y - 5*l = m, 0 = -y + 4*y - 2*l - 15. Determine c(y).
-1
Let q(f) be the second derivative of f**4/4 + 5*f. Calculate q(1).
3
Let c(m) = -m**2 - m + 4. Let z = 0 + 3. Suppose 13 + 21 = z*a + 5*s, 2*a - 2*s = -4. Calculate c(a).
-8
Let v(l) be the third derivative of -l**6/180 - l**5/120 + 5*l**4/24 - 7*l**2. Let a(c) be the second derivative of v(c). Give a(-1).
3
Let c(s) be the first derivative of -s**3/3 + 2*s**2 + 2*s + 13. Calculate c(5).
-3
Let o = 9 + -8. Suppose k - 2 = 3*p - o, 0 = -3*k + 3. Let l(a) = a**3 - a - 13. Calculate l(p).
-13
Suppose a - 7 + 0 = 0. Let o(n) = 3*n - a + 3 - 5*n. Give o(-6).
8
Let n(d) = d**3 - 8*d**2 + 1. Let p be 4/4 + -1 + 3. Let i = 5 + p. What is n(i)?
1
Let q = 4 - 2. Let x = -18 - -25. Let c(j) = -7*j + 0*j**2 + 7*j**q - 3*j**2 - 3*j**2 + x. Calculate c(6).
1
Let u(r) be the third derivative of r**6/120 + r**5/10 - r**4/12 + 7*r**3/6 - 24*r**2 - 2*r. Give u(-6).
19
Let y(x) = x**2 + 6*x - 3. Let o(l) = 3*l + 12. Let r be o(-6). Give y(r).
-3
Let r(w) be the third derivative of w**6/120 - w**5/60 + w**4/24 - w**3/6 + 2*w**2. Suppose -10 = 7*f - 12*f. Calculate r(f).
5
Suppose 2 = 3*b - 13. Suppose -d + 3*h + 9 = 0, b*d - 1 = 3*h + h. Let f(z) = -z**3 - 3*z**2 - 1. Give f(d).
-1
Let w(u) = -u - 5. Suppose -2*t = 4 + 6. Give w(t).
0
Let u(k) = -k**3 - 2*k**2 - k + 2. Let h be 1/(-9) + (-182)/63. Calculate u(h).
14
Let o(w) be the third derivative of 0 + 1/6*w**4 - 1/60*w**5 - 1/3*w**3 + 4*w**2 + 0*w. Give o(2).
2
Let r(b) = -b**2 + 3*b - 1. Let m(y) = y**2 + y - 1. Let f(v) = -5*v**2 - 11*v + 9. Let h(u) = -f(u) - 6*m(u). Let l be h(2). What is r(l)?
-1
Let l(c) = c**3 - 5*c**2 + 4*c - 4. Let i(d) = 2*d**2 - 16*d - 14. Let f be i(9). What is l(f)?
-4
Let o(n) be the first derivative of -4*n**2 - n + 5. Suppose 0 = 3*x - 8*x. Let m = -1 - x. Give o(m).
7
Let g(s) = s + 12. Suppose -3*t - 2*o - o - 27 = 0, -o - 1 = 0. Give g(t).
4
Suppose -3*v = 2*v - 20. Suppose -3*f - o - 20 = 0, 2*o - 8 = -2*f + v*f. Let u = f + 3. Let w(p) = p**3 + 3*p**2 - p. What is w(u)?
3
Let r(b) = -b**2 + 7*b + 10. Suppose 5*i - 14 = 26. Let a be r(i). Let k(m) = -a + 8 + m - m - 2*m. Determine k(4).
-2
Let l(c) = 2*c**2 - c - 2. Let t be l(2). Let z(h) be the second derivative of h**3/6 - h**2 + 95*h. Determine z(t).
2
Let x(t) be the first derivative of 9*t**2/2 - t - 5. Determine x(3).
26
Suppose -9 = 3*d, -v = 2*d - 16 - 12. Let x(b) = 5*b**2 - 8*b - v + b + 3*b**3 + 27 - 2*b**3. Determine x(-6).
-1
Let j = 5 - 10. Let n = -1 - j. Let v(a) = -a**2 + 5*a - 5. Let m be v(n). Let r(b) = 9*b**2 + 2*b + 1. Calculate r(m).
8
Let c(o) = o**3 - 3*o**2 - o. Suppose -m = v - 2*m - 6, 3*v - 16 = 5*m. Let i be (-4)/(-2)*2/2. Suppose 15 = v*k - i*k. Determine c(k).
-3
Let h(r) = r + 3. Suppose 0 = -3*a + 23 + 34. Suppose 5*v = a + 6. Give h(v).
8
Let y(i) be the second derivative of i**3 - 9*i**2/2 - i. Let s(t) = 5*t - 8. Let o(k) = 4*s(k) - 3*y(k). Suppose 10*d - 27 = 23. Calculate o(d).
5
Let w(h) be the first derivative of -h**6/360 - h**5/24 - h**4/12 + h**3 - 2. Let i(v) be the third derivative of w(v). What is i(-5)?
-2
Let i(v) = -v**2 + 2*v. Suppose -2*x - 25 = -3*w, -w - w = -5*x - 35. Determine i(w).
-15
Suppose -7*x = 5*i - 2*x - 20, 0 = 3*i - 4*x + 16. Suppose i*o - o = -3. Let r(g) be the second derivative of -g**3/6 + 2*g**2 - g. What is r(o)?
1
Let t(p) = 4*p. Let x(n) = 10*n. Let i(b) = 12*t(b) - 5*x(b). Suppose 0 = 4*u - 0 + 28. Let s = u - -11. Give i(s).
-8
Let m(i) = i**3 + 4*i**2 - 4*i + 1. Let q = -21 - -8. Let y = 8 + q. What is m(y)?
-4
Let t(y) = -y**3 + y**2 - y - 1. Suppose 14*c - 21*c = 0. Calculate t(c).
-1
Suppose -4 = 4*w - p, -w = -p - 5 + 3. Let r = w + 4. Let n(b) = b**2 + b + b**r - 5*b**2 + 2*b**2 + 8. Determine n(0).
8
Let k be ((-6)/(-7))/(2/(-14)). Let w(i) = -6*i**2 - 6*i + 3. Let y(t) = -t**3 - t**2 + t - 1. Let r(v) = w(v) + y(v). What is r(k)?
-4
Let v(n) be the second derivative of n**3 + 5*n + 0 - 3*n**2 - 1/12*n**4. Determine v(5).
-1
Let w(q) = q + 6. Let p = 43 - 43. What is w(p)?
6
Let y(s) = -s - 9. Let a be y(-4). Let v = a - -5. Suppose -2*n - 3 = -5*n + 3*x, v = -4*n + 5*x + 7. Let b(p) = -p. Calculate b(n).
2
Suppose 4*m = 2*n + 3*m - 1, 5*n - 5*m + 10 = 0. Suppose -12 = -n*i + 3. Let d(p) = -4*p + 1 + 2*p + 3*p. Give d(i).
6
Let n(y) = -3*y + 2. Suppose 18*l + 12 = 14*l. Determine n(l).
11
Let y(m) = -2*m**3 + 1 + m + 2*m**3 + 0*m**3 + m**3. Give y(0).
1
Let p(f) = f**2 + 3*f - 2. Let s(w) = w. Let i(v) = -p(v) + s(v). Calculate i(2).
-6
Let i be 14/4 - (-9)/6. Let v(h) = -h - 1. Calculate v(i).
-6
Let g(v) be the third derivative of v**6/120 + v**5/15 - v**4/8 - v**3 + 5*v**2 - 2. Let f = -1 - 3. Give g(f).
6
Let l(y) be the third derivative of y**5/60 + y**4/4 - 16*y**2. Give l(-5).
-5
Let w(m) = -7 + 2 - 3*m - 8*m + m**2 + m. Let d(u) = -u**2 + 11*u + 6. Let r(v) = -6*d(v) - 7*w(v). Determine r(5).
-6
Let x be (-2)/2 + 0 + 0. Let z = x + 4. Let h(p) = 4*p - 4. Determine h(z).
8
Let n(l) be the second derivative of -1/6*l**4 + 0*l**2 - 2*l + 0 - 2/3*l**3. Let h = 10 + -13. Calculate n(h).
-6
Let p(g) = -6*g**2 + 2*g + 1. Let q be ((-8)/6)/((-2)/3). Suppose -v = j + q, 2*j + 4*v + 2 + 4 = 0. Give p(j).
-7
Let a(m) = -m**2 - 7*m + 3. Suppose c = -4*c + 20. Suppose -4*k = 5*o + 42, c*o + 0*k + 27 = -k. What is a(o)?
9
Let a be (-5 + 2)/((-6)/4). Let j(n) = 5 - 1 + 4*n + n - n**a. Calculate j(6).
-2
Let a(v) = 13*v - 26*v + 23*v. S